{"id":13,"date":"2015-06-24T07:07:19","date_gmt":"2015-06-24T00:07:19","guid":{"rendered":"https:\/\/transport.thememove.com\/?page_id=13"},"modified":"2024-09-06T18:05:23","modified_gmt":"2024-09-06T18:05:23","slug":"transport-services","status":"publish","type":"page","link":"https:\/\/transportesteve.com\/","title":{"rendered":"Inicio"},"content":{"rendered":"<p>[vc_row full_width=\u00bbstretch_row_content_no_spaces\u00bb css=\u00bb.vc_custom_1435204547241{margin: 0px !important;}\u00bb][vc_column][rev_slider_vc alias=\u00bbtm-slider-principal\u00bb][\/vc_column][\/vc_row][vc_row full_width=\u00bbstretch_row\u00bb parallax=\u00bbcontent-moving\u00bb parallax_image=\u00bb75080&#8243; css=\u00bb.vc_custom_1618776627502{margin-bottom: 0px !important;padding-top: 0px !important;padding-bottom: 0px !important;}\u00bb el_class=\u00bbrequest\u00bb][vc_column width=\u00bb1\/2&#8243;][\/vc_column][vc_column width=\u00bb1\/2&#8243; css=\u00bb.vc_custom_1460365714493{padding-top: 0px !important;padding-bottom: 0px !important;}\u00bb][vc_custom_heading text=\u00bbSOLICITUD DE COTIZACI\u00d3N\u00bb font_container=\u00bbtag:h1|text_align:left|color:%23ffffff\u00bb use_theme_fonts=\u00bbyes\u00bb el_class=\u00bbstyle2&#8243; css=\u00bb.vc_custom_1707301307464{margin-bottom: 50px !important;padding-top: 90px !important;}\u00bb][vc_custom_heading text=\u00bbEstamos ansiosos por conocer su requerimiento. D\u00e9janos tus datos de contacto y nos comunicaremos lo antes posible!\u00bb font_container=\u00bbtag:p|text_align:center|color:%23aaaaaa\u00bb use_theme_fonts=\u00bbyes\u00bb css=\u00bb.vc_custom_1618774842593{margin-bottom: 35px !important;}\u00bb][vc_row_inner][vc_column_inner css=\u00bb.vc_custom_1707301356296{padding-right: 20px !important;border-radius: 5px !important;}\u00bb]\n<div class=\"wpcf7 no-js\" id=\"wpcf7-f75333-o1\" lang=\"es-ES\" dir=\"ltr\" data-wpcf7-id=\"75333\">\n<div class=\"screen-reader-response\"><p role=\"status\" aria-live=\"polite\" aria-atomic=\"true\"><\/p> <ul><\/ul><\/div>\n<form action=\"\/index.php?rest_route=%2Fwp%2Fv2%2Fpages%2F13#wpcf7-f75333-o1\" method=\"post\" class=\"wpcf7-form init\" aria-label=\"Formulario de contacto\" novalidate=\"novalidate\" data-status=\"init\">\n<div style=\"display: none;\">\n<input type=\"hidden\" name=\"_wpcf7\" value=\"75333\" \/>\n<input type=\"hidden\" name=\"_wpcf7_version\" value=\"6.0.6\" \/>\n<input type=\"hidden\" name=\"_wpcf7_locale\" value=\"es_ES\" \/>\n<input type=\"hidden\" name=\"_wpcf7_unit_tag\" value=\"wpcf7-f75333-o1\" \/>\n<input type=\"hidden\" name=\"_wpcf7_container_post\" value=\"0\" \/>\n<input type=\"hidden\" name=\"_wpcf7_posted_data_hash\" value=\"\" \/>\n<input type=\"hidden\" name=\"_wpcf7_recaptcha_response\" value=\"\" \/>\n<\/div>\n<div class=\"container\">\n\t<div class=\"row\">\n\t\t<div class=\"col-md-6\">\n\t\t\t<p><span class=\"wpcf7-form-control-wrap\" data-name=\"your-name\"><input size=\"40\" maxlength=\"400\" class=\"wpcf7-form-control wpcf7-text wpcf7-validates-as-required\" aria-required=\"true\" aria-invalid=\"false\" placeholder=\"Nombre\" value=\"\" type=\"text\" name=\"your-name\" \/><\/span><br \/>\n<span class=\"wpcf7-form-control-wrap\" data-name=\"email-838\"><input size=\"40\" maxlength=\"400\" class=\"wpcf7-form-control wpcf7-email wpcf7-validates-as-required wpcf7-text wpcf7-validates-as-email\" aria-required=\"true\" aria-invalid=\"false\" placeholder=\"Correo electr\u00f3nico\" value=\"\" type=\"email\" name=\"email-838\" \/><\/span><br \/>\n<span class=\"wpcf7-form-control-wrap\" data-name=\"tel-105\"><input size=\"40\" maxlength=\"400\" class=\"wpcf7-form-control wpcf7-tel wpcf7-validates-as-required wpcf7-text wpcf7-validates-as-tel\" aria-required=\"true\" aria-invalid=\"false\" placeholder=\"Numero de telefono\" value=\"\" type=\"tel\" name=\"tel-105\" \/><\/span><br \/>\n<span class=\"wpcf7-form-control-wrap\" data-name=\"marca-453\"><input size=\"40\" maxlength=\"400\" class=\"wpcf7-form-control wpcf7-text wpcf7-validates-as-required\" aria-required=\"true\" aria-invalid=\"false\" placeholder=\"Marca veh\u00edculo\" value=\"\" type=\"text\" name=\"marca-453\" \/><\/span>\n\t\t\t<\/p>\n\t\t<\/div>\n\t\t<div class=\"col-md-6\">\n\t\t\t<p><span class=\"wpcf7-form-control-wrap\" data-name=\"modelo-454\"><input size=\"40\" maxlength=\"400\" class=\"wpcf7-form-control wpcf7-text wpcf7-validates-as-required\" aria-required=\"true\" aria-invalid=\"false\" placeholder=\"A\u00f1o de matricula del veh\u00edculo\" value=\"\" type=\"text\" name=\"modelo-454\" \/><\/span><br \/>\n<span class=\"wpcf7-form-control-wrap\" data-name=\"version-455\"><input size=\"40\" maxlength=\"400\" class=\"wpcf7-form-control wpcf7-text\" aria-invalid=\"false\" placeholder=\"Version veh\u00edculo\" value=\"\" type=\"text\" name=\"version-455\" \/><\/span><br \/>\n<span class=\"wpcf7-form-control-wrap\" data-name=\"origen-456\"><input size=\"40\" maxlength=\"400\" class=\"wpcf7-form-control wpcf7-text wpcf7-validates-as-required\" aria-required=\"true\" aria-invalid=\"false\" placeholder=\"Ciudad origen\" value=\"\" type=\"text\" name=\"origen-456\" \/><\/span><br \/>\n<span class=\"wpcf7-form-control-wrap\" data-name=\"destino-457\"><input size=\"40\" maxlength=\"400\" class=\"wpcf7-form-control wpcf7-text wpcf7-validates-as-required\" aria-required=\"true\" aria-invalid=\"false\" placeholder=\"Ciudad destino\" value=\"\" type=\"text\" name=\"destino-457\" \/><\/span><br \/>\n<span class=\"wpcf7-form-control-wrap\" data-name=\"menu-430\"><select class=\"wpcf7-form-control wpcf7-select wpcf7-validates-as-required\" aria-required=\"true\" aria-invalid=\"false\" name=\"menu-430\"><option value=\"Elija un nivel de prioridad\">Elija un nivel de prioridad<\/option><option value=\"Baja\">Baja<\/option><option value=\"Media\">Media<\/option><option value=\"Alta\">Alta<\/option><\/select><\/span>\n\t\t\t<\/p>\n\t\t<\/div>\n\t\t<div class=\"col-12\">\n\t\t\t<p><input class=\"wpcf7-form-control wpcf7-submit has-spinner\" type=\"submit\" value=\"Enviar\" \/>\n\t\t\t<\/p>\n\t\t<\/div>\n\t<\/div>\n<\/div><p style=\"display: none !important;\" class=\"akismet-fields-container\" data-prefix=\"_wpcf7_ak_\"><label>&#916;<textarea name=\"_wpcf7_ak_hp_textarea\" cols=\"45\" rows=\"8\" maxlength=\"100\"><\/textarea><\/label><input type=\"hidden\" id=\"ak_js_1\" name=\"_wpcf7_ak_js\" value=\"15\"\/><script>document.getElementById( \"ak_js_1\" ).setAttribute( \"value\", ( new Date() ).getTime() );<\/script><\/p><div class=\"wpcf7-response-output\" aria-hidden=\"true\"><\/div>\n<\/form>\n<\/div>\n[\/vc_column_inner][\/vc_row_inner][\/vc_column][\/vc_row][vc_row css=\u00bb.vc_custom_1435220468505{margin-bottom: 0px !important;padding-top: 70px !important;padding-bottom: 50px !important;}\u00bb el_class=\u00bbservices1&#8243;][vc_column css=\u00bb.vc_custom_1460365725131{padding-top: 0px !important;padding-bottom: 0px !important;}\u00bb][vc_custom_heading text=\u00bbNUESTROS SERVICIOS\u00bb font_container=\u00bbtag:h2|text_align:center|color:%23111111&#8243; use_theme_fonts=\u00bbyes\u00bb el_class=\u00bbstyle1&#8243; css=\u00bb.vc_custom_1618776722985{margin-bottom: 60px !important;}\u00bb][\/vc_column][vc_column width=\u00bb1\/2&#8243;][vc_row_inner][vc_column_inner width=\u00bb1\/4&#8243;][vc_icon icon_fontawesome=\u00bbfas fa-arrow-circle-right\u00bb size=\u00bblg\u00bb align=\u00bbcenter\u00bb css_animation=\u00bbappear\u00bb][\/vc_column_inner][vc_column_inner width=\u00bb3\/4&#8243;][vc_custom_heading text=\u00bbTRANSPORTE DE VEHICULOS\u00bb font_container=\u00bbtag:h3|font_size:18|text_align:left|color:%23111111&#8243; use_theme_fonts=\u00bbyes\u00bb css=\u00bb.vc_custom_1627042997277{margin-bottom: 10px !important;padding-top: 15px !important;}\u00bb link=\u00bburl:https%3A%2F%2Ftransportesteve.com%2F%3Fpage_id%3D74386&#8243;][vc_custom_heading text=\u00bbEl servicio de transporte de veh\u00edculos en ni\u00f1era, es el m\u00e1s solicitado por nuestros clientes ya que es econ\u00f3mico y seguro.\u00bb font_container=\u00bbtag:p|font_size:14|text_align:left|color:%23878787&#8243; use_theme_fonts=\u00bbyes\u00bb css=\u00bb.vc_custom_1618787649716{margin-bottom: 20px !important;}\u00bb][\/vc_column_inner][\/vc_row_inner][\/vc_column][vc_column width=\u00bb1\/2&#8243;][vc_row_inner][vc_column_inner width=\u00bb1\/4&#8243;][vc_icon icon_fontawesome=\u00bbfas fa-arrow-circle-right\u00bb size=\u00bblg\u00bb align=\u00bbcenter\u00bb css_animation=\u00bbappear\u00bb][\/vc_column_inner][vc_column_inner width=\u00bb3\/4&#8243;][vc_custom_heading text=\u00bbSERVICIO DE GRUA DE PLUMA\u00bb font_container=\u00bbtag:h3|font_size:18|text_align:left|color:%23111111&#8243; use_theme_fonts=\u00bbyes\u00bb css=\u00bb.vc_custom_1627043030297{margin-bottom: 10px !important;padding-top: 15px !important;}\u00bb link=\u00bburl:https%3A%2F%2Ftransportesteve.com%2F%3Fpage_id%3D75227&#8243;][vc_custom_heading text=\u00bbTransporte de veh\u00edculos Gr\u00faa es el servicio mas com\u00fan en el traslado de automotores grandes o de gran peso que no pueden ser remolcados por un planch\u00f3n o por una ni\u00f1era\u00bb font_container=\u00bbtag:p|font_size:14|text_align:left|color:%23878787&#8243; use_theme_fonts=\u00bbyes\u00bb css=\u00bb.vc_custom_1618790242817{margin-bottom: 20px !important;}\u00bb][\/vc_column_inner][\/vc_row_inner][\/vc_column][vc_column width=\u00bb1\/2&#8243;][vc_row_inner][vc_column_inner width=\u00bb1\/4&#8243;][vc_icon icon_fontawesome=\u00bbfas fa-arrow-circle-right\u00bb size=\u00bblg\u00bb align=\u00bbcenter\u00bb css_animation=\u00bbappear\u00bb][\/vc_column_inner][vc_column_inner width=\u00bb3\/4&#8243;][vc_custom_heading text=\u00bbSERVICIO DE PLANCHON\u00bb font_container=\u00bbtag:h3|font_size:18|text_align:left|color:%23111111&#8243; use_theme_fonts=\u00bbyes\u00bb css=\u00bb.vc_custom_1627043065146{margin-bottom: 10px !important;padding-top: 15px !important;}\u00bb link=\u00bburl:https%3A%2F%2Ftransportesteve.com%2F%3Fpage_id%3D75231&#8243;][vc_custom_heading text=\u00bbEl servicio de transporte de veh\u00edculos com camiones tipo planch\u00f3n, se considera expreso, ya que hay algunos clientes que solicitan el servicio extra r\u00e1pido y preferencial en el que solo se traslada el veh\u00edculo del cliente.\u00bb font_container=\u00bbtag:p|font_size:14|text_align:left|color:%23878787&#8243; use_theme_fonts=\u00bbyes\u00bb css=\u00bb.vc_custom_1618957935295{margin-bottom: 20px !important;}\u00bb][\/vc_column_inner][\/vc_row_inner][\/vc_column][vc_column width=\u00bb1\/2&#8243;][vc_row_inner][vc_column_inner width=\u00bb1\/4&#8243;][vc_icon icon_fontawesome=\u00bbfas fa-arrow-circle-right\u00bb size=\u00bblg\u00bb align=\u00bbcenter\u00bb css_animation=\u00bbappear\u00bb][\/vc_column_inner][vc_column_inner width=\u00bb3\/4&#8243;][vc_custom_heading text=\u00bbSERVICIO DE CARAVANEO\u00bb font_container=\u00bbtag:h3|font_size:18|text_align:left|color:%23111111&#8243; use_theme_fonts=\u00bbyes\u00bb css=\u00bb.vc_custom_1627043096489{margin-bottom: 10px !important;padding-top: 15px !important;}\u00bb link=\u00bburl:https%3A%2F%2Ftransportesteve.com%2F%3Fpage_id%3D75234&#8243;][vc_custom_heading text=\u00bbEl servicio de Transporte de veh\u00edculos. Caravaneo: consiste en proporcionar un conductor al cliente. En esta caso se presta el servicio de conductor para acompa\u00f1amiento en viaje o para trasladar el veh\u00edculo entre ciudades.\u00bb font_container=\u00bbtag:p|font_size:14|text_align:left|color:%23878787&#8243; use_theme_fonts=\u00bbyes\u00bb css=\u00bb.vc_custom_1618790354188{margin-bottom: 20px !important;}\u00bb][\/vc_column_inner][\/vc_row_inner][\/vc_column][\/vc_row][vc_row full_width=\u00bbstretch_row\u00bb content_placement=\u00bbmiddle\u00bb css=\u00bb.vc_custom_1460365632905{margin-bottom: 0px !important;padding-top: 50px !important;padding-bottom: 50px !important;background-color: #eeeeee !important;}\u00bb el_class=\u00bbalign-right\u00bb][vc_column width=\u00bb2\/3&#8243; css=\u00bb.vc_custom_1460365640769{padding-top: 0px !important;padding-bottom: 0px !important;}\u00bb][vc_custom_heading text=\u00bbNuestros servicios incluyen p\u00f3liza de carga.\u00bb font_container=\u00bbtag:h3|font_size:18|text_align:left|color:%23111111&#8243; use_theme_fonts=\u00bbyes\u00bb][\/vc_column][vc_column width=\u00bb1\/3&#8243; css=\u00bb.vc_custom_1460365646740{padding-top: 0px !important;padding-bottom: 0px !important;}\u00bb][thememove_button text=\u00bbEscr\u00cdbenos\u00bb url=\u00bbhttps:\/\/transportesteve.com\/?page_id=22&#8243; icon=\u00bbfa fa-envelope\u00bb][\/vc_column][\/vc_row]<\/p>\n","protected":false},"excerpt":{"rendered":"<p>[vc_row full_width=\u00bbstretch_row_content_no_spaces\u00bb css=\u00bb.vc_custom_1435204547241{margin: 0px !important;}\u00bb][vc_column][rev_slider_vc alias=\u00bbtm-slider-principal\u00bb][\/vc_column][\/vc_row][vc_row full_width=\u00bbstretch_row\u00bb parallax=\u00bbcontent-moving\u00bb parallax_image=\u00bb75080&#8243; css=\u00bb.vc_custom_1618776627502{margin-bottom: 0px !important;padding-top: 0px !important;padding-bottom: 0px !important;}\u00bb el_class=\u00bbrequest\u00bb][vc_column width=\u00bb1\/2&#8243;][\/vc_column][vc_column width=\u00bb1\/2&#8243; css=\u00bb.vc_custom_1460365714493{padding-top: [&hellip;]<\/p>\n","protected":false},"author":1,"featured_media":0,"parent":0,"menu_order":0,"comment_status":"open","ping_status":"closed","template":"","meta":{"_joinchat":[],"footnotes":""},"class_list":["post-13","page","type-page","status-publish","hentry"],"aioseo_notices":[],"_links":{"self":[{"href":"https:\/\/transportesteve.com\/index.php?rest_route=\/wp\/v2\/pages\/13","targetHints":{"allow":["GET"]}}],"collection":[{"href":"https:\/\/transportesteve.com\/index.php?rest_route=\/wp\/v2\/pages"}],"about":[{"href":"https:\/\/transportesteve.com\/index.php?rest_route=\/wp\/v2\/types\/page"}],"author":[{"embeddable":true,"href":"https:\/\/transportesteve.com\/index.php?rest_route=\/wp\/v2\/users\/1"}],"replies":[{"embeddable":true,"href":"https:\/\/transportesteve.com\/index.php?rest_route=%2Fwp%2Fv2%2Fcomments&post=13"}],"version-history":[{"count":45,"href":"https:\/\/transportesteve.com\/index.php?rest_route=\/wp\/v2\/pages\/13\/revisions"}],"predecessor-version":[{"id":75378,"href":"https:\/\/transportesteve.com\/index.php?rest_route=\/wp\/v2\/pages\/13\/revisions\/75378"}],"wp:attachment":[{"href":"https:\/\/transportesteve.com\/index.php?rest_route=%2Fwp%2Fv2%2Fmedia&parent=13"}],"curies":[{"name":"wp","href":"https:\/\/api.w.org\/{rel}","templated":true}]}}